{"id":13661,"date":"2024-04-16T10:02:27","date_gmt":"2024-04-16T10:02:27","guid":{"rendered":"http:\/\/bourgeois21juillet.be\/?page_id=13661"},"modified":"2026-04-16T20:06:42","modified_gmt":"2026-04-16T20:06:42","slug":"benevolat","status":"publish","type":"page","link":"http:\/\/bourgeois21juillet.be\/?page_id=13661","title":{"rendered":"B\u00e9n\u00e9volat"},"content":{"rendered":"\n<div class=\"wp-block-buttons is-content-justification-center is-layout-flex wp-container-1\">\n<div class=\"wp-block-button\"><a class=\"wp-block-button__link wp-element-button\" href=\"https:\/\/forms.office.com\/Pages\/ResponsePage.aspx?id=CGrg98JXnke_peY6bdg1GODpHLL2IHhFhDljOokILhZUM1pBVUFEQlJRNkJUSTkzSUNVNVRGVkIxNi4u\" target=\"_blank\" rel=\"noreferrer noopener\">Formulaire de contact b\u00e9n\u00e9volat<\/a><\/div>\n<\/div>\n\n\n\n<hr class=\"wp-block-separator has-alpha-channel-opacity\"\/>\n\n\n\n<p>Vous avez envie de vivre des moments m\u00e9morables tout en contribuant \u00e0 l'organisation d'\u00e9v\u00e8nements ? Alors, rejoignez-nous en tant que b\u00e9n\u00e9vole ! C\u2019est une occasion unique d\u2019apporter votre \u00e9nergie \u00e0 des projets qui rassemblent les gens.<\/p>\n\n\n\n<p>Chaque ann\u00e9e, nous sommes \u00e0 la recherche de personnes d\u00e9sireuses de nous donner un coup de main. En vous impliquant, vous aurez l\u2019opportunit\u00e9 de rencontrer de nouvelles personnes et de vivre des exp\u00e9riences inoubliables. Notre comit\u00e9 est super et nous attendez que vous pour nous rejoindre!<\/p>\n\n\n\n<p>Chaque contribution compte, que ce soit quelques heures avant l\u2019\u00e9v\u00e9nement ou une pr\u00e9sence active le jour J. <\/p>\n\n\n\n<p>N\u2019attendez plus, votre aventure b\u00e9n\u00e9vole commence ici ! Contactez-nous pour d\u00e9couvrir comment vous pouvez participer et faire briller nos \u00e9v\u00e9nements.<\/p>\n\n\n\n<div style=\"height:100px\" aria-hidden=\"true\" class=\"wp-block-spacer\"><\/div>\n","protected":false},"excerpt":{"rendered":"<p>Vous avez envie de vivre des moments m\u00e9morables tout en contribuant \u00e0 l&rsquo;organisation d&rsquo;\u00e9v\u00e8nements ? Alors, rejoignez-nous en tant que b\u00e9n\u00e9vole ! C\u2019est une occasion unique d\u2019apporter votre \u00e9nergie \u00e0 des projets qui rassemblent les gens. Chaque ann\u00e9e, nous sommes \u00e0 la recherche de personnes d\u00e9sireuses de nous donner un [&hellip;]<\/p>\n","protected":false},"author":1,"featured_media":0,"parent":0,"menu_order":0,"comment_status":"closed","ping_status":"closed","template":"","meta":[],"_links":{"self":[{"href":"http:\/\/bourgeois21juillet.be\/index.php?rest_route=\/wp\/v2\/pages\/13661"}],"collection":[{"href":"http:\/\/bourgeois21juillet.be\/index.php?rest_route=\/wp\/v2\/pages"}],"about":[{"href":"http:\/\/bourgeois21juillet.be\/index.php?rest_route=\/wp\/v2\/types\/page"}],"author":[{"embeddable":true,"href":"http:\/\/bourgeois21juillet.be\/index.php?rest_route=\/wp\/v2\/users\/1"}],"replies":[{"embeddable":true,"href":"http:\/\/bourgeois21juillet.be\/index.php?rest_route=%2Fwp%2Fv2%2Fcomments&post=13661"}],"version-history":[{"count":18,"href":"http:\/\/bourgeois21juillet.be\/index.php?rest_route=\/wp\/v2\/pages\/13661\/revisions"}],"predecessor-version":[{"id":14304,"href":"http:\/\/bourgeois21juillet.be\/index.php?rest_route=\/wp\/v2\/pages\/13661\/revisions\/14304"}],"wp:attachment":[{"href":"http:\/\/bourgeois21juillet.be\/index.php?rest_route=%2Fwp%2Fv2%2Fmedia&parent=13661"}],"curies":[{"name":"wp","href":"https:\/\/api.w.org\/{rel}","templated":true}]}}

Bénévolat

<div class="wp-block-buttons is-content-justification-center is-layout-flex wp-container-1">
<div class="wp-block-button"><a class="wp-block-button__link wp-element-button" href="https://forms.office.com/Pages/ResponsePage.aspx?id=CGrg98JXnke_peY6bdg1GODpHLL2IHhFhDljOokILhZUM1pBVUFEQlJRNkJUSTkzSUNVNVRGVkIxNi4u" target="_blank" rel="noreferrer noopener">Formulaire de contact bénévolat</a></div>
</div>



<hr class="wp-block-separator has-alpha-channel-opacity"/>



<p>Vous avez envie de vivre des moments mémorables tout en contribuant à l'organisation d'évènements ? Alors, rejoignez-nous en tant que bénévole ! C’est une occasion unique d’apporter votre énergie à des projets qui rassemblent les gens.</p>



<p>Chaque année, nous sommes à la recherche de personnes désireuses de nous donner un coup de main. En vous impliquant, vous aurez l’opportunité de rencontrer de nouvelles personnes et de vivre des expériences inoubliables. Notre comité est super et nous attendez que vous pour nous rejoindre!</p>



<p>Chaque contribution compte, que ce soit quelques heures avant l’événement ou une présence active le jour J. </p>



<p>N’attendez plus, votre aventure bénévole commence ici ! Contactez-nous pour découvrir comment vous pouvez participer et faire briller nos événements.</p>



<div style="height:100px" aria-hidden="true" class="wp-block-spacer"></div>

<p>Vous avez envie de vivre des moments mémorables tout en contribuant à l&rsquo;organisation d&rsquo;évènements ? Alors, rejoignez-nous en tant que bénévole ! C’est une occasion unique d’apporter votre énergie à des projets qui rassemblent les gens. Chaque année, nous sommes à la recherche de personnes désireuses de nous donner un [&hellip;]</p>
