{"id":13917,"date":"2024-04-22T11:24:05","date_gmt":"2024-04-22T11:24:05","guid":{"rendered":"https:\/\/bourgeois21juillet.be\/?page_id=13917"},"modified":"2025-07-15T11:19:53","modified_gmt":"2025-07-15T11:19:53","slug":"sur-la-scene-de-bourgeois","status":"publish","type":"page","link":"https:\/\/bourgeois21juillet.be\/?page_id=13917","title":{"rendered":"Sur la sc\u00e8ne ouverte de Bourgeois"},"content":{"rendered":"\n<h2 class=\"wp-block-heading\">20 juillet 13h00 - Emma Michiels<\/h2>\n\n\n\n<p>Emma Michiels est une jeune artiste de 13 ans, pleine d\u2019enthousiasme et de passion, pr\u00eate \u00e0 partager sa musique avec le plus grand plaisir.<\/p>\n\n\n\n<h2 class=\"wp-block-heading\">20 juillet 16h30 - Serge Lucas <\/h2>\n\n\n\n<p>Serge Lucas, accord\u00e9oniste passionn\u00e9, viendra nous plonger dans une ambiance chaleureuse et conviviale juste apr\u00e8s le bingo. Avec ses airs entra\u00eenants et son talent authentique, il promet de faire vibrer la soir\u00e9e au rythme de son accord\u00e9on.<\/p>\n\n\n\n<h2 class=\"wp-block-heading\">20 juillet 17h45 - Jacques Kelshen<\/h2>\n\n\n\n<p>Il revient cette ann\u00e9e en mode acoustique d\u00e9contract\u00e9, avec quelques reprises revisit\u00e9es de morceaux rock et de chansons fran\u00e7aises (belges). Une ambiance douce et pos\u00e9e, parfaite pour se laisser porter.<\/p>\n\n\n\n<figure class=\"wp-block-embed is-type-video is-provider-youtube wp-block-embed-youtube wp-embed-aspect-16-9 wp-has-aspect-ratio\"><div class=\"wp-block-embed__wrapper\">\n<iframe title=\"Unchained: Brother + Down in a Hole + Love Hate Love.\" width=\"750\" height=\"422\" src=\"https:\/\/www.youtube.com\/embed\/oBTXyFYbpOo?feature=oembed\" frameborder=\"0\" allow=\"accelerometer; autoplay; clipboard-write; encrypted-media; gyroscope; picture-in-picture; web-share\" referrerpolicy=\"strict-origin-when-cross-origin\" allowfullscreen><\/iframe>\n<\/div><\/figure>\n\n\n\n<h2 class=\"wp-block-heading\">21 juillet 13h00 - Frankie<\/h2>\n\n\n\n<p>Frankie chante depuis longtemps, toujours accompagn\u00e9e de sa guitare. Cette ann\u00e9e, elle ose quitter le public pour vous partager ses reprises toutes douces, en fran\u00e7ais et en anglais, ainsi que quelques compositions originales.<\/p>\n\n\n\n<figure class=\"wp-block-embed is-type-video is-provider-youtube wp-block-embed-youtube wp-embed-aspect-16-9 wp-has-aspect-ratio\"><div class=\"wp-block-embed__wrapper\">\n<iframe title=\"Dancing alone - Frank\" width=\"750\" height=\"422\" src=\"https:\/\/www.youtube.com\/embed\/QFwsBFmLBYQ?feature=oembed\" frameborder=\"0\" allow=\"accelerometer; autoplay; clipboard-write; encrypted-media; gyroscope; picture-in-picture; web-share\" referrerpolicy=\"strict-origin-when-cross-origin\" allowfullscreen><\/iframe>\n<\/div><\/figure>\n\n\n\n<h2 class=\"wp-block-heading\">21 juillet 14h30 - Jimmy Marguerite <\/h2>\n\n\n\n<p>Jimmy Marguerite propose un rap lyrique et symphonique, \u00e0 la crois\u00e9e des genres. Un univers singulier et surprenant\u2026 <\/p>\n\n\n\n<figure class=\"wp-block-embed is-type-video is-provider-youtube wp-block-embed-youtube wp-embed-aspect-16-9 wp-has-aspect-ratio\"><div class=\"wp-block-embed__wrapper\">\n<iframe title=\"JIMMY Marguerite - Poign\u00e9e De Punchlines pour Give Me 5 Prod.\" width=\"750\" height=\"422\" src=\"https:\/\/www.youtube.com\/embed\/uI4bAJDUU80?feature=oembed\" frameborder=\"0\" allow=\"accelerometer; autoplay; clipboard-write; encrypted-media; gyroscope; picture-in-picture; web-share\" referrerpolicy=\"strict-origin-when-cross-origin\" allowfullscreen><\/iframe>\n<\/div><\/figure>\n\n\n\n<h2 class=\"wp-block-heading\">21 juillet 16h00 - Abell the great<\/h2>\n\n\n\n<p>ABELL THE GREAT !, un duo \u00e9mergent du Brabant wallon. Leur univers musical navigue entre pop, \u00e9lectro et rock, avec l\u2019envie de faire vibrer et surprendre \u00e0 chaque morceau.<\/p>\n\n\n\n<figure class=\"wp-block-embed is-type-video is-provider-youtube wp-block-embed-youtube wp-embed-aspect-16-9 wp-has-aspect-ratio\"><div class=\"wp-block-embed__wrapper\">\n <iframe title=\"ABELL THE GREAT !  - Soleil d&#039;Italie\" width=\"750\" height=\"422\" src=\"https:\/\/www.youtube.com\/embed\/DxPi-rKfOM4?feature=oembed\" frameborder=\"0\" allow=\"accelerometer; autoplay; clipboard-write; encrypted-media; gyroscope; picture-in-picture; web-share\" referrerpolicy=\"strict-origin-when-cross-origin\" allowfullscreen><\/iframe>\n<\/div><\/figure>\n\n\n\n<h2 class=\"wp-block-heading\">21 juillet 18h00 - Mat\u00e9o<\/h2>\n\n\n\n<p>Chanteur et compositeur belge, il poursuit actuellement ses \u00e9tudes musicales \u00e0 Manchester, en Angleterre. Entre influences vari\u00e9es et sensibilit\u00e9 artistique, il fa\u00e7onne un univers personnel qu\u2019il partage avec sinc\u00e9rit\u00e9 sur sc\u00e8ne.<\/p>\n\n\n\n<figure class=\"wp-block-embed is-type-rich is-provider-spotify wp-block-embed-spotify wp-embed-aspect-21-9 wp-has-aspect-ratio\"><div class=\"wp-block-embed__wrapper\">\n<iframe title=\"Spotify Embed: MATEO\" style=\"border-radius: 12px\" width=\"100%\" height=\"352\" frameborder=\"0\" allowfullscreen allow=\"autoplay; clipboard-write; encrypted-media; fullscreen; picture-in-picture\" loading=\"lazy\" src=\"https:\/\/open.spotify.com\/embed\/artist\/6oBWjZQ60zXd3t3iW6huWE?si=7vEH0aYPQRSLBR5sZl7PYQ&utm_source=oembed\"><\/iframe>\n<\/div><\/figure>\n","protected":false},"excerpt":{"rendered":"<p>20 juillet 13h00 &#8211; Emma Michiels Emma Michiels est une jeune artiste de 13 ans, pleine d\u2019enthousiasme et de passion, pr\u00eate \u00e0 partager sa musique avec le plus grand plaisir. 20 juillet 16h30 &#8211; Serge Lucas Serge Lucas, accord\u00e9oniste passionn\u00e9, viendra nous plonger dans une ambiance chaleureuse et conviviale juste [&hellip;]<\/p>\n","protected":false},"author":1,"featured_media":0,"parent":0,"menu_order":0,"comment_status":"closed","ping_status":"closed","template":"","meta":[],"_links":{"self":[{"href":"https:\/\/bourgeois21juillet.be\/index.php?rest_route=\/wp\/v2\/pages\/13917"}],"collection":[{"href":"https:\/\/bourgeois21juillet.be\/index.php?rest_route=\/wp\/v2\/pages"}],"about":[{"href":"https:\/\/bourgeois21juillet.be\/index.php?rest_route=\/wp\/v2\/types\/page"}],"author":[{"embeddable":true,"href":"https:\/\/bourgeois21juillet.be\/index.php?rest_route=\/wp\/v2\/users\/1"}],"replies":[{"embeddable":true,"href":"https:\/\/bourgeois21juillet.be\/index.php?rest_route=%2Fwp%2Fv2%2Fcomments&post=13917"}],"version-history":[{"count":14,"href":"https:\/\/bourgeois21juillet.be\/index.php?rest_route=\/wp\/v2\/pages\/13917\/revisions"}],"predecessor-version":[{"id":14170,"href":"https:\/\/bourgeois21juillet.be\/index.php?rest_route=\/wp\/v2\/pages\/13917\/revisions\/14170"}],"wp:attachment":[{"href":"https:\/\/bourgeois21juillet.be\/index.php?rest_route=%2Fwp%2Fv2%2Fmedia&parent=13917"}],"curies":[{"name":"wp","href":"https:\/\/api.w.org\/{rel}","templated":true}]}}

Sur la scène ouverte de Bourgeois

<h2 class="wp-block-heading">20 juillet 13h00 - Emma Michiels</h2>



<p>Emma Michiels est une jeune artiste de 13 ans, pleine d’enthousiasme et de passion, prête à partager sa musique avec le plus grand plaisir.</p>



<h2 class="wp-block-heading">20 juillet 16h30 - Serge Lucas </h2>



<p>Serge Lucas, accordéoniste passionné, viendra nous plonger dans une ambiance chaleureuse et conviviale juste après le bingo. Avec ses airs entraînants et son talent authentique, il promet de faire vibrer la soirée au rythme de son accordéon.</p>



<h2 class="wp-block-heading">20 juillet 17h45 - Jacques Kelshen</h2>



<p>Il revient cette année en mode acoustique décontracté, avec quelques reprises revisitées de morceaux rock et de chansons françaises (belges). Une ambiance douce et posée, parfaite pour se laisser porter.</p>



<figure class="wp-block-embed is-type-video is-provider-youtube wp-block-embed-youtube wp-embed-aspect-16-9 wp-has-aspect-ratio"><div class="wp-block-embed__wrapper">
<iframe title="Unchained: Brother + Down in a Hole + Love Hate Love." width="750" height="422" src="https://www.youtube.com/embed/oBTXyFYbpOo?feature=oembed" frameborder="0" allow="accelerometer; autoplay; clipboard-write; encrypted-media; gyroscope; picture-in-picture; web-share" referrerpolicy="strict-origin-when-cross-origin" allowfullscreen></iframe>
</div></figure>



<h2 class="wp-block-heading">21 juillet 13h00 - Frankie</h2>



<p>Frankie chante depuis longtemps, toujours accompagnée de sa guitare. Cette année, elle ose quitter le public pour vous partager ses reprises toutes douces, en français et en anglais, ainsi que quelques compositions originales.</p>



<figure class="wp-block-embed is-type-video is-provider-youtube wp-block-embed-youtube wp-embed-aspect-16-9 wp-has-aspect-ratio"><div class="wp-block-embed__wrapper">
<iframe title="Dancing alone - Frank" width="750" height="422" src="https://www.youtube.com/embed/QFwsBFmLBYQ?feature=oembed" frameborder="0" allow="accelerometer; autoplay; clipboard-write; encrypted-media; gyroscope; picture-in-picture; web-share" referrerpolicy="strict-origin-when-cross-origin" allowfullscreen></iframe>
</div></figure>



<h2 class="wp-block-heading">21 juillet 14h30 - Jimmy Marguerite </h2>



<p>Jimmy Marguerite propose un rap lyrique et symphonique, à la croisée des genres. Un univers singulier et surprenant… </p>



<figure class="wp-block-embed is-type-video is-provider-youtube wp-block-embed-youtube wp-embed-aspect-16-9 wp-has-aspect-ratio"><div class="wp-block-embed__wrapper">
<iframe title="JIMMY Marguerite - Poignée De Punchlines pour Give Me 5 Prod." width="750" height="422" src="https://www.youtube.com/embed/uI4bAJDUU80?feature=oembed" frameborder="0" allow="accelerometer; autoplay; clipboard-write; encrypted-media; gyroscope; picture-in-picture; web-share" referrerpolicy="strict-origin-when-cross-origin" allowfullscreen></iframe>
</div></figure>



<h2 class="wp-block-heading">21 juillet 16h00 - Abell the great</h2>



<p>ABELL THE GREAT !, un duo émergent du Brabant wallon. Leur univers musical navigue entre pop, électro et rock, avec l’envie de faire vibrer et surprendre à chaque morceau.</p>



<figure class="wp-block-embed is-type-video is-provider-youtube wp-block-embed-youtube wp-embed-aspect-16-9 wp-has-aspect-ratio"><div class="wp-block-embed__wrapper">
 <iframe title="ABELL THE GREAT !  - Soleil d&#039;Italie" width="750" height="422" src="https://www.youtube.com/embed/DxPi-rKfOM4?feature=oembed" frameborder="0" allow="accelerometer; autoplay; clipboard-write; encrypted-media; gyroscope; picture-in-picture; web-share" referrerpolicy="strict-origin-when-cross-origin" allowfullscreen></iframe>
</div></figure>



<h2 class="wp-block-heading">21 juillet 18h00 - Matéo</h2>



<p>Chanteur et compositeur belge, il poursuit actuellement ses études musicales à Manchester, en Angleterre. Entre influences variées et sensibilité artistique, il façonne un univers personnel qu’il partage avec sincérité sur scène.</p>



<figure class="wp-block-embed is-type-rich is-provider-spotify wp-block-embed-spotify wp-embed-aspect-21-9 wp-has-aspect-ratio"><div class="wp-block-embed__wrapper">
<iframe title="Spotify Embed: MATEO" style="border-radius: 12px" width="100%" height="352" frameborder="0" allowfullscreen allow="autoplay; clipboard-write; encrypted-media; fullscreen; picture-in-picture" loading="lazy" src="https://open.spotify.com/embed/artist/6oBWjZQ60zXd3t3iW6huWE?si=7vEH0aYPQRSLBR5sZl7PYQ&utm_source=oembed"></iframe>
</div></figure>

<p>20 juillet 13h00 &#8211; Emma Michiels Emma Michiels est une jeune artiste de 13 ans, pleine d’enthousiasme et de passion, prête à partager sa musique avec le plus grand plaisir. 20 juillet 16h30 &#8211; Serge Lucas Serge Lucas, accordéoniste passionné, viendra nous plonger dans une ambiance chaleureuse et conviviale juste [&hellip;]</p>
