{"id":13974,"date":"2024-04-24T10:20:16","date_gmt":"2024-04-24T10:20:16","guid":{"rendered":"https:\/\/bourgeois21juillet.be\/?page_id=13974"},"modified":"2025-07-12T17:14:34","modified_gmt":"2025-07-12T17:14:34","slug":"la-programmation-musicale-du-21-juillet","status":"publish","type":"page","link":"https:\/\/bourgeois21juillet.be\/?page_id=13974","title":{"rendered":"La programmation musicale du 21 juillet"},"content":{"rendered":"\n<p><\/p>\n\n\n\n<h2 class=\"wp-block-heading has-text-align-center has-accent-color has-text-color\"><strong>Le lundi 21 juillet \u00e0 19h45<\/strong><\/h2>\n\n\n\n<div class=\"wp-block-media-text alignwide is-stacked-on-mobile\" style=\"grid-template-columns:26% auto\"><figure class=\"wp-block-media-text__media\"><img src=\"https:\/\/bourgeois21juillet.be\/wp-content\/uploads\/2025\/07\/2107_MADO-819x1024.png\" alt=\"\" class=\"wp-image-14119 size-full\"\/><\/figure><div class=\"wp-block-media-text__content\">\n<p><strong>MADO<\/strong><\/p>\n\n\n\n<p>Mado fait partie de ces artistes inattendus dont la musique touche directement au c\u0153ur. Auteure, interpr\u00e8te et compositrice autodidacte, elle fait ses d\u00e9buts dans la musique \u00e0 l\u2019\u00e2ge de 6 ans. Tr\u00e8s t\u00f4t, le cin\u00e9ma et la musique occupent une place tr\u00e8s importante dans sa vie, notamment gr\u00e2ce aux morceaux que sa m\u00e8re lui jouait petite. Effront\u00e9e, Mado \u00e9crit dans sa chambre d\u2019adolescente et quitte peu \u00e0 peu la maison pour venir collaborer avec son piano et le public.&nbsp;<\/p>\n\n\n\n<p>Mado s\u2019exprime au travers d\u2019une pop contemporaine m\u00e9lancolique, inspir\u00e9e par sa vie, ses copines et sa g\u00e9n\u00e9ration. Elle d\u00e9ploie des textes francs et une musique th\u00e9rapeutique. Fa\u00e7onn\u00e9e par le \u00ab do it yourself \u00bb, Mado est une artiste qui le revendique dans ses compositions et ses visuels. Elle chante et danse sur des m\u00e9lodies joyeuses qui n\u2019enl\u00e8ven rien aux contrastes de sa musique.&nbsp;<\/p>\n<\/div><\/div>\n\n\n\n<p><\/p>\n\n\n\n<h2 class=\"wp-block-heading has-text-align-center has-accent-color has-text-color\"><strong>Le lundi 21 juillet \u00e0 21h45<\/strong><\/h2>\n\n\n\n<p><\/p>\n\n\n\n<div class=\"wp-block-media-text alignwide has-media-on-the-right is-stacked-on-mobile\" style=\"grid-template-columns:auto 26%\"><div class=\"wp-block-media-text__content\">\n<p><strong>ENVOLE-MOI<\/strong><\/p>\n\n\n\n<p>Envole-moi, c\u2019est un groupe de musiciens professionnels, mais aussi un chanteur qui vous emm\u00e8nera pour un show de folie. Au programme : les plus grands tubes de Jean-Jacques Goldman. Le groupe est d\u2019ores et d\u00e9j\u00e0 devenu incontournable en mati\u00e8re de cover !\u00a0<\/p>\n\n\n\n<p><\/p>\n<\/div><figure class=\"wp-block-media-text__media\"><img src=\"https:\/\/bourgeois21juillet.be\/wp-content\/uploads\/2025\/07\/2107_envole-moi-819x1024.png\" alt=\"\" class=\"wp-image-14120 size-full\"\/><\/figure><\/div>\n\n\n\n<p><\/p>\n\n\n\n<h2 class=\"wp-block-heading has-text-align-center has-accent-color has-text-color\"><strong>Le lundi 21 juillet \u00e0 00h00<\/strong><\/h2>\n\n\n\n<p><\/p>\n\n\n\n<div class=\"wp-block-media-text alignwide is-stacked-on-mobile\" style=\"grid-template-columns:26% auto\"><figure class=\"wp-block-media-text__media\"><img src=\"https:\/\/bourgeois21juillet.be\/wp-content\/uploads\/2025\/07\/2107_sopink-819x1024.png\" alt=\"\" class=\"wp-image-14121 size-full\"\/><\/figure><div class=\"wp-block-media-text__content\">\n<p><strong>SO PINK<\/strong><\/p>\n\n\n\n<p>D\u2019abord, le silence. Et puis ce fr\u00e9missement d\u2019attente qui pr\u00e9c\u00e8de chaque concert. Quand retentissent les premi\u00e8res notes de Take on Me, des cris s\u2019\u00e9l\u00e8vent, des doigts se tendent vers le ciel, et le public reprend en ch\u0153ur les paroles de ce morceau mythique de A-ha.&nbsp;<\/p>\n\n\n\n<p>Deux heures durant, So Pink Size vous emm\u00e8nera dans un fabuleux voyage \u00e0 travers sa d\u00e9cennie de pr\u00e9dilection. De Peter Gabriel aux Bangles, en passant par Talk Talk, Simple Minds, Van Halen ou Tears for Fears, les Namurois empruntent des chemins de traverse et des morceaux parfois improbables du r\u00e9pertoire pop, rock et new wave des 80\u2019s, avec une \u00e9nergie, une authenticit\u00e9 et une g\u00e9n\u00e9rosit\u00e9 qui courent de la premi\u00e8re \u00e0 la derni\u00e8re note..&nbsp;<\/p>\n<\/div><\/div>\n\n\n\n<p><\/p>\n\n\n\n<p><\/p>\n\n\n\n<p><\/p>\n\n\n\n<p><\/p>\n\n\n\n<p><\/p>\n\n\n\n<p><\/p>\n\n\n\n<p><\/p>\n","protected":false},"excerpt":{"rendered":"<p>Le lundi 21 juillet \u00e0 19h45 MADO Mado fait partie de ces artistes inattendus dont la musique touche directement au c\u0153ur. Auteure, interpr\u00e8te et compositrice autodidacte, elle fait ses d\u00e9buts dans la musique \u00e0 l\u2019\u00e2ge de 6 ans. Tr\u00e8s t\u00f4t, le cin\u00e9ma et la musique occupent une place tr\u00e8s importante [&hellip;]<\/p>\n","protected":false},"author":1,"featured_media":0,"parent":0,"menu_order":0,"comment_status":"closed","ping_status":"closed","template":"","meta":[],"_links":{"self":[{"href":"https:\/\/bourgeois21juillet.be\/index.php?rest_route=\/wp\/v2\/pages\/13974"}],"collection":[{"href":"https:\/\/bourgeois21juillet.be\/index.php?rest_route=\/wp\/v2\/pages"}],"about":[{"href":"https:\/\/bourgeois21juillet.be\/index.php?rest_route=\/wp\/v2\/types\/page"}],"author":[{"embeddable":true,"href":"https:\/\/bourgeois21juillet.be\/index.php?rest_route=\/wp\/v2\/users\/1"}],"replies":[{"embeddable":true,"href":"https:\/\/bourgeois21juillet.be\/index.php?rest_route=%2Fwp%2Fv2%2Fcomments&post=13974"}],"version-history":[{"count":6,"href":"https:\/\/bourgeois21juillet.be\/index.php?rest_route=\/wp\/v2\/pages\/13974\/revisions"}],"predecessor-version":[{"id":14122,"href":"https:\/\/bourgeois21juillet.be\/index.php?rest_route=\/wp\/v2\/pages\/13974\/revisions\/14122"}],"wp:attachment":[{"href":"https:\/\/bourgeois21juillet.be\/index.php?rest_route=%2Fwp%2Fv2%2Fmedia&parent=13974"}],"curies":[{"name":"wp","href":"https:\/\/api.w.org\/{rel}","templated":true}]}}